 1dc3d - 0?
1dc3d
In base 8, what is 21763 - -3?
21766
In base 15, what is 4 + 40bc7?
40bcb
In base 15, what is -1 - -1d9b?
1d9a
In base 6, what is 3150205 - -5?
3150214
In base 13, what is 25 + 3461?
3486
In base 2, what is -10011110 - 111011?
-11011001
In base 7, what is -3 + 35000?
34664
In base 7, what is 4003 - 105?
3565
In base 13, what is -94b1 + -3?
-94b4
In base 4, what is -3202 - -223223?
220021
In base 10, what is 10997 + -11?
10986
In base 6, what is 315 + -13551?
-13232
In base 13, what is 1cb9 - 1?
1cb8
In base 5, what is 130403 + 4?
130412
In base 8, what is -51741 - -5?
-51734
In base 3, what is 121020201 - 11?
121020120
In base 9, what is -20 - -3186?
3166
In base 11, what is 144108 + 0?
144108
In base 4, what is -3222 - 1333?
-11221
In base 14, what is 7 - -b5?
bc
In base 13, what is 53 - -68?
bb
In base 10, what is -808 + 43?
-765
In base 9, what is 5 + 400738?
400744
In base 15, what is 14b - 4ed?
-3a2
In base 6, what is -413354345 + -2?
-413354351
In base 14, what is 1 - -352832?
352833
In base 11, what is 117881 - -5?
117886
In base 14, what is 397240 - 2?
39723c
In base 8, what is 1241 + 26?
1267
In base 12, what is -b5a7 + 1?
-b5a6
In base 10, what is 5 - 66272?
-66267
In base 12, what is 1b080 + -21?
1b05b
In base 13, what is 1772b + 3?
17731
In base 4, what is 113 - -1101033022?
1101033201
In base 13, what is 123080 + -1?
12307c
In base 13, what is -110 + 69?
-74
In base 16, what is -f4 + -811?
-905
In base 8, what is 32666 - 4?
32662
In base 12, what is -218 + 451?
235
In base 11, what is -3 + 43775?
43772
In base 11, what is -2261 - -11?
-2250
In base 6, what is 531115 - 3?
531112
In base 15, what is -1e25 - -1e?
-1e06
In base 11, what is -3 + 4031?
4029
In base 10, what is 7 - 6664?
-6657
In base 14, what is -3a14 - -95?
-395d
In base 12, what is 347 - -2b?
376
In base 15, what is 42a5 - -40?
42e5
In base 8, what is -23160 - 4?
-23164
In base 7, what is 3 - 5144302?
-5144266
In base 11, what is 105a1 + -8a?
10512
In base 4, what is -221122212 - -3?
-221122203
In base 15, what is -2 - -1a04?
1a02
In base 14, what is -4 - -1dc?
1d8
In base 5, what is 34211 + -22?
34134
In base 7, what is 2261 + 210?
2501
In base 15, what is -740b4 + 2?
-740b2
In base 13, what is 128 - -781?
8a9
In base 8, what is -1 - -45767?
45766
In base 11, what is 215 - -9863?
9a78
In base 13, what is -9 - 9221?
-922a
In base 5, what is -4 - -444420?
444411
In base 4, what is -121 + -1233?
-2020
In base 11, what is -10895 + 1?
-10894
In base 15, what is 23 - -17?
3a
In base 15, what is 4e6 + 1e6?
6dc
In base 11, what is 2 + 148710?
148712
In base 15, what is 0 - 1b435?
-1b435
In base 5, what is -3 - -3130?
3122
In base 16, what is -caa + -5?
-caf
In base 8, what is -1234671 + 1?
-1234670
In base 3, what is -201221101 + -1100?
-201222201
In base 13, what is 21a2 - 3?
219c
In base 4, what is -301 - -2112?
1211
In base 12, what is -25 + 80963?
8093a
In base 11, what is -61a828 + 1?
-61a827
In base 13, what is -1 - -28638?
28637
In base 14, what is 1813 + 0?
1813
In base 6, what is -5 - -104051?
104042
In base 10, what is -2068941 + 4?
-2068937
In base 12, what is -7849 - 1?
-784a
In base 14, what is -5 - 29452?
-29457
In base 11, what is 27348 + 4?
27351
In base 8, what is 274466 - -1?
274467
In base 11, what is -620 - -14?
-607
In base 13, what is -443 + -4?
-447
In base 8, what is -14 - 16170?
-16204
In base 8, what is 12754 - -33?
13007
In base 7, what is 166615 + 4?
166622
In base 13, what is 1174 + 34?
11a8
In base 7, what is 61 - -13663?
14054
In base 7, what is -6250 - 3500?
-13050
In base 13, what is 18 - -1573?
158b
In base 14, what is -68 + 788?
720
In base 15, what is -22 + 10eca?
10ea8
In base 5, what is -10 + -1132232?
-1132242
In base 3, what is -1010 + -11100202111?
-11100210121
In base 3, what is -12220110 + 0?
-12220110
In base 5, what is -114 - -302344?
302230
In base 14, what is -b78b - 3?
-b790
In base 14, what is 1444 - -5?
1449
In base 12, what is -4 + -a119?
-a121
In base 5, what is 123 + 211242?
211420
In base 12, what is 5 + a8586?
a858b
In base 16, what is -77 + 4179?
4102
In base 9, what is 102 + -13740?
-13637
In base 7, what is -1125132 - 4?
-1125136
In base 12, what is -9 - -5559?
5550
In base 15, what is -c - -726?
719
In base 7, what is -6153465 - 4?
-6153502
In base 6, what is 411 + -235?
132
In base 4, what is 32320023321 + -1?
32320023320
In base 2, what is -101 + -100110110011?
-100110111000
In base 12, what is -2 - 6183?
-6185
In base 7, what is 1620 + -3366?
-1446
In base 3, what is -211202012 - -21222?
-211110020
In base 12, what is b - 3751?
-3742
In base 6, what is 243 + -114450?
-114203
In base 2, what is -10011 + -10000111010101?
-10000111101000
In base 8, what is 75126 + 2?
75130
In base 4, what is -31123303 - 0?
-31123303
In base 3, what is -101222 + -202011122?
-202120121
In base 5, what is 10 + -212421?
-212411
In base 16, what is 1dcb04 + -3?
1dcb01
In base 3, what is 2000120102 - 11?
2000120021
In base 8, what is 7127 + 1?
7130
In base 14, what is -c - 1a74?
-1a82
In base 3, what is -11210202122 - 0?
-11210202122
In base 6, what is -20344 + 132?
-20212
In base 7, what is -105 + 214134?
214026
In base 13, what is 1 - -2685?
2686
In base 13, what is -8b972 - -4?
-8b96b
In base 12, what is -267160 + 4?
-267158
In base 9, what is 1 - 34778?
-34777
In base 12, what is -15214 - 7?
-1521b
In base 7, what is -246 + -4430?
-5006
In base 11, what is 19024a + -10?
19023a
In base 6, what is 33513 + 12?
33525
In base 2, what is 111101011101101101101 + 100?
111101011101101110001
In base 15, what is 3a8 - 19?
38e
In base 14, what is 113aa9 - -2?
113aab
In base 4, what is 13020 + 2330?
22010
In base 2, what is 100010000010000 - -10?
100010000010010
In base 4, what is 20002 + -102?
13300
In base 12, what is -99a194 - -5?
-99a18b
In base 11, what is 39a2 + 1?
39a3
In base 7, what is 32111 - -40?
32151
In base 2, what is 1010110101 - 10110?
1010011111
In base 16, what is -1 - -22f55?
22f54
In base 9, what is 307210 - 4?
307205
In base 12, what is 127a1 + 22?
12803
In base 10, what is 7024 - -9?
7033
In base 4, what is 10 + -22020233?
-22020223
In base 6, what is 4 + 10510433?
10510441
In base 11, what is 10367 + 8?
10374
In base 14, what is 15 - 9d35?
-9d20
In base 5, what is 10320 - 1?
10314
In base 14, what is 93 + -185?
-d2
In base 10, what is -29559 + -34?
-29593
In base 10, what is 4 + -1340454?
-1340450
In base 15, what is 88b - -d?
899
In base 6, what is -5 - -253?
244
In base 10, what is 1123 - -17?
1140
In base 2, what is 11010001 + 1000?
11011001
In base 11, what is -22071 + 1?
-22070
In base 3, what is 100011 - -2120110?
2220121
In base 5, what is 4120 - 131?
3434
In base 12, what is -a + 3561?
3553
In base 14, what is -1c + -ad0?
-b0c
In base 6, what is -12 - -511052?
511040
In base 7, what is 231501 + 2?
231503
In base 7, what is -253 - 10526?
-11112
In base 16, what is 1ef - 5e?
191
In base 6, what is -204 - -1105?
501
In base 7, what is 22621 + 2?
22623
In base 13, what is -c7 - 226?
-320
In base 9, what is -1177 - 46?
-1234
In base 7, what is -5 - -14150?
14142
In base 13, what is c8 + 122a7?
123a2
In base 9, what is 156245 - -5?
156251
In base 10, what is -1086 - -51?
-1035
In base 12, what is -a6 + -a30?
-b16
In base 5, what is -10 + 333400413?
333400403
In base 11, what is -181569 + 2?
-181567
In base 7, what is -4643 - 121?
-5064
In base 13, what is -168 + -5893?
-5a2b
In base 7, what is -36 - -1605?
1536
In base 8, what is 572 - -3437?
4231
In base 3, what is 111121100 - -1?
111121101
In base 2, what is -10010100100100000 + -1111?
-10010100100101111
In base 11, what is 768aa7 + -3?
768aa4
In base 4, what is 2130311 - 1?
2130310
In base 13, what is -7 + -16cc5?
-16ccc
In base 15, what is -18 - -4c?
34
In base 9, what is -1 + -1672?
-1673
In base 15, what is -1 + 154956?
154955
In base 10, what is -5 + 11667?
11662
In base 11, what is 1 + 15114?
15115
In base 7, what is 23324 + 4?
23331
In base 9, what is 242 + -16500?
-16247
In base 10, what is -2176512 + -4?
-2176516
In base 6, what is -2311 - 432?
-3143
In base 7, what is -150610362 + 4?
-150610355
In base 3, what is -201201022 - 100021?
-202001120
In base 5, what is -30233241 + -4?
-30233300
In base 5, what is 40434 + -34?
40400
In base 14, w